*q. Let w(b) = -b - 11. Let d be w(q). Calculate n(d).
7
Let q(d) = d**2 + 3*d. Let v = 8 + -8. Let x = v + -4. Calculate q(x).
4
Let t(m) be the first derivative of m**3/3 + 2*m**2 - 3*m - 7. Let r(y) = 5*y + 1. Let n be r(-1). Give t(n).
-3
Let f(l) = l**2 + 1. Let d(s) = 5*s**2 - 5*s - 2. Let t(k) = -d(k) + 4*f(k). Suppose -14 = -2*h - 2*j, j + 18 = 4*h - 0*j. What is t(h)?
6
Suppose m - 3*l - 18 = 0, -l - 5 = -0. Let t = m - 8. Let p(d) = -d**2 - 4*d - 1. What is p(t)?
-6
Let l(u) = 24*u + 96. Let k be l(-4). Let q = -13 + 21. Let n(c) = 1 - q - 2*c**3 + 3*c**3 + c**2. Determine n(k).
-7
Let a(d) = d - 1. Let k(t) = -t - 17. Let p(f) = 2*a(f) + k(f). Let q be p(10). Let v be 2/(q/6 - -1). Let b(j) = -2*j - 1. Give b(v).
7
Let c = -87 - -92. Let m(n) = -n + 3. What is m(c)?
-2
Let d(x) = x**3 - 4*x**2 - 8*x + 3. Suppose 21*y = 23*y - 10. Determine d(y).
-12
Let w(c) = -9*c**3 + 12*c**2 + 13*c - 25. Let h(l) = 4*l**3 - 6*l**2 - 6*l + 12. Suppose 14 = -4*p - 14. Let a(g) = p*h(g) - 3*w(g). What is a(6)?
9
Suppose -3*j = 4*r - 12, -j = r + 2*j - 12. Let s(a) be the first derivative of -a**3/3 + 3*a + 3. Give s(r).
3
Let c(l) = -l - 1. Let j(s) = -3*s - 10. Suppose -5*r = -5*q - 10, q - 3*r = -7*r + 13. Let i(d) = q*j(d) - 2*c(d). What is i(-5)?
-3
Let d = -11 - 6. Let a(y) = -20*y**3 + 8*y**2 + 35*y + 26. Let q(j) = 7*j**3 - 3*j**2 - 12*j - 9. Let u(b) = d*q(b) - 6*a(b). Calculate u(-4).
5
Suppose 5 = -7*f + 2*f. Let r be (-2 + 12/5)*5. Let z(a) = -a + a**2 + 4*a**3 + 0*a**3 - r*a**2. Give z(f).
-4
Let u(a) be the third derivative of -a**5/60 - a**4/24 + 13*a**2. What is u(-2)?
-2
Let l(f) = -f**2 - f + 1. Let g(a) = -a**3 + 9*a**2 + 8*a - 8. Let n(r) = g(r) + 6*l(r). Suppose -3 = -5*i + 4*i. Determine n(i).
4
Let f(u) = 4*u**2 + 0*u**2 - 2*u - 5*u**2 - 4 + 2. Calculate f(-3).
-5
Let j(s) = s**3 + 6*s**2 + 6. Let w be j(-6). Let o(d) = 2 + w*d**3 - 5 + 2. Suppose 3*x = 5*x - 2. Calculate o(x).
5
Let c(p) be the second derivative of p**4/12 - 7*p**3/6 - p**2/2 - 4*p. Let i be 2/12 + 5/6. Let q be i + (18/3 - 1). Give c(q).
-7
Let f(v) be the first derivative of 6 - 1/3*v**3 + 3*v**2 - 5*v. What is f(5)?
0
Let d = 6 + 2. Suppose -4*f + d = -4. Suppose -f*a + 5 = 2*a. Let v(j) = -j**3 - j**2 - j + 1. Give v(a).
-2
Let w(l) = -13*l - 17. Let m(h) = 6*h + 8. Let r(j) = -9*m(j) - 4*w(j). What is r(-8)?
12
Let n(h) = -9*h + 1. Let m be (-4)/(-1*(-3)/(-12)). Suppose -j + 3*j + 4*b = 12, -m = -4*b. Let z be -4*(j/8 - 0). Determine n(z).
-8
Let g(l) = -5*l - 4*l**2 + 2*l**2 + l**2. Suppose -d = -5*d - 16. Determine g(d).
4
Let l = -99 - -101. Let p(n) be the third derivative of -1/6*n**4 + 1/3*n**3 + 0 - n**2 + 0*n. What is p(l)?
-6
Let k(h) = -5*h**3 + 6*h**2 + 4*h**3 + 11*h**2 - 2*h - 11*h**2 + 5. Let b(x) = 5*x + 1. Let t be b(1). What is k(t)?
-7
Suppose 0 = 2*p - o - 3*o + 12, 3*p = 2*o - 34. Suppose 11 + 9 = 5*i - 5*w, 5*w = i. Let a be i/7 + (-4)/p. Let c(z) = z - 2. Calculate c(a).
-1
Let i be (-12)/(-10)*20/(-6). Let w be 2 - (6/3 + i). Let j(g) = g - 2*g**2 - 3 - 1 + 6*g. Determine j(w).
-8
Let g(p) be the second derivative of p**3/3 + 3*p**2/2 + 8*p. What is g(-6)?
-9
Let z(p) = 2*p - 2. Let b(m) = -m + 1. Let g(k) = -b(k) - z(k). Suppose -q = -3*q + 4. Let i be q/(6/3) + 3. What is g(i)?
-3
Let m(d) be the second derivative of 0 + 1/2*d**2 + 1/12*d**4 - 1/3*d**3 + 2*d - 3/20*d**5. Give m(1).
-3
Let u(p) = 2*p**2 + p + 1. Suppose 4*n = k + 65, -63 = -2*n + 4*k - 13. Let m be (3 + (-51)/n)*-5. Suppose 1 = -5*a - 3*d, 0 = 2*a - d + m*d + 1. What is u(a)?
7
Let s = -383/4 - -96. Let p(z) be the first derivative of -2*z**2 - 2 - 5/3*z**3 - s*z**4 + 3*z. Give p(-4).
3
Suppose -3*i + 4*i = 9. Let j(y) = -i*y - 95 + 95. Determine j(1).
-9
Let v(u) be the first derivative of -u**2/2 + u + 21. Suppose 26 = 2*w - 4*a, -2*w - 5*a = 3*w + 10. Calculate v(w).
-2
Suppose 0 = -3*n - 4*w + 17, 4*w = -4*n + 4 + 12. Let q = n - -4. Let m(i) = 4*i + 2 + 0 + 3*i - q*i. Calculate m(2).
10
Let r(k) = -k + 8. Let z(w) = -w + 17. Let a be z(7). Let g = a + -5. Suppose -l + 0*l = -g. Determine r(l).
3
Let j(c) be the first derivative of -c**3/6 + 5*c**2/2 - 4*c - 3. Let r(x) be the first derivative of j(x). What is r(4)?
1
Let z(r) be the first derivative of r**4/12 - 3*r**3/2 + 4*r**2 + 4*r + 4. Let i(y) be the first derivative of z(y). Let l be 2/(-9) + 112/18. Determine i(l).
-10
Let f be 0/(1*4/(-4)). Let b(w) = 5*w**3 - w**2 + 5*w - 12. Let a(n) = 4*n**3 - n**2 + 4*n - 12. Let t(g) = 6*a(g) - 5*b(g). What is t(f)?
-12
Let s(m) = -m**3 - 2*m**2 - 2*m + 1. Let f be 3/6*(0 - 0). Let q = f - 2. Determine s(q).
5
Let g = -3 + -3. Let x(w) = w**3 + 6*w**2 + w + 8. Give x(g).
2
Let t(h) = -2*h - 2*h**2 + 4*h + 4*h**2 - 3*h. Calculate t(1).
1
Suppose m - 12 = -5*f, 3*m + m - 4*f = 0. Let i(a) = -a**2 - 6*a**m + 2 - 4*a**2 - 9*a. Let t(n) = -5*n**2 - 5*n + 1. Let x(d) = -3*i(d) + 5*t(d). What is x(1)?
9
Let v(j) = j**3 + 9*j**2 + 9*j + 3. Suppose 7 = -3*z - 17. What is v(z)?
-5
Let v(q) = q**2 - 8*q - 2. Let r be v(8). Let d(f) = 5*f**2 + f - 2. What is d(r)?
16
Let g be 12/3 - 1/1. Let b(x) = -11*x + 8. Let h(i) = -16*i + 12. Let t(o) = 7*b(o) - 5*h(o). Give t(g).
5
Suppose -2*b = 3*n - 4, 3*n - 5*n + 6 = -2*b. Let a(s) = s - 3. Determine a(n).
-1
Let d(y) = -y**2 - 4*y - 3. Let q be -2*(12/8)/(-1). Suppose -2*f = 8, q*g - 4*g + 13 = -4*f. What is d(g)?
0
Let z(a) = -8*a**2 + 1. Suppose -9 = -3*b + h, -4*b + 4*h - 9 = -7*b. Suppose 3 = -0*s + b*s. Give z(s).
-7
Let h(u) = -7*u**3 + 7*u**2 + 3*u + 23. Let g be -4 - (-9 - (-1 - 1)). Let n(z) = 4*z**3 - 4*z**2 - 2*z - 12. Let a(t) = g*h(t) + 5*n(t). Give a(0).
9
Let t(a) = a**2 + 3*a + 1 - 6*a - 3*a. Let h be (-2)/(-8) - (-426)/24. Suppose 13*i - 10*i = h. What is t(i)?
1
Let w(h) = 7*h**3 + h**2 - 1. Let u be w(1). Let p = u + -4. Suppose -q = 5, -q - 8 = -4*g + p*q. Let v(d) = d**3 + 5*d**2 + 4*d - 1. Give v(g).
5
Let y(w) = -w + 1. Let o be y(-5). Let c(b) be the third derivative of -1/12*b**4 + 1/10*b**5 - 1/120*b**6 + 7/6*b**3 + 0*b + 0 + 3*b**2. Give c(o).
-5
Let w be 8/(-10)*(4 + 1). Let v(i) = i**2. Let h(x) = 4*x**2 + 4*x + 6. Let c(l) = h(l) - 3*v(l). Give c(w).
6
Let g(m) = 2 + 0 - 1. Let x(h) = -h. Let p(a) = g(a) - 4*x(a). What is p(-1)?
-3
Let q(t) = 6*t - 8. Let y(a) = -5*a + 7. Suppose -2*u - 5*f + 1 = -17, -u = -3*f + 2. Let x(w) = u*q(w) + 5*y(w). What is x(6)?
-3
Let f be (-2 - 0)/(3/((-54)/12)). Let i(l) = -l**3 + 3*l**2 + 3*l. Give i(f).
9
Let y(b) = 2*b**3 - 9*b**2 - 7*b + 8. Let z(v) = v**3 - 8*v**2 - 6*v + 7. Let k(p) = -2*y(p) + 3*z(p). What is k(-5)?
0
Let y(z) = 6*z**3 - z**2 + 8*z - 8. Let c(i) = 5*i**3 - 2*i**2 + 7*i - 7. Let s(m) = 7*c(m) - 6*y(m). Calculate s(-8).
-9
Suppose 5 = -7*m - 2. Let f(b) = -35*b + 8. Let d(g) = -12*g + 3. Let j(a) = 11*d(a) - 4*f(a). What is j(m)?
-7
Let r(l) be the third derivative of -l**6/360 - l**5/20 - l**4/12 + l**3/2 + l**2. Let a(d) be the first derivative of r(d). Calculate a(-6).
-2
Let d(s) = -s**3 + 4*s**2 - 2*s - 2. Let v(o) = o**2 + o - 1. Suppose 1 + 1 = p. Let l be v(p). Suppose 4*g - l - 7 = 0. What is d(g)?
1
Let b = -6 - -8. Let m(o) = -4*o + 6*o + 2*o - b*o + 2. Give m(4).
10
Let q(h) = 2*h**2 - 4*h + 3. Let u be -2*1*6/(-4). Suppose -8 = -u*f - 2. What is q(f)?
3
Let n(l) = -3*l. Let k be n(1). Let m(w) = 1. Let h(g) = -2*g + 2. Let d(b) = h(b) - 6*m(b). What is d(k)?
2
Let z be (-2)/(-8)*(8 + 12). Let j(m) = -m**2 + 5*m - 1. Let r be j(z). Let o(p) = -3*p**3 + 2*p**2 + p. Give o(r).
4
Let q(y) = -y**2 - 8*y - 9. Let h = -23 - -17. Calculate q(h).
3
Let z(u) = -3*u**3 - u**2 + 4*u - 3. Let q(r) = 7*r**3 + r**2 - 9*r + 6. Let l(h) = -2*q(h) - 5*z(h). Calculate l(-3).
9
Let q(t) = -9*t**2 + 4*t + 1. Let d(z) = 26*z**2 - 11*z - 3. Let f(h) = -4*d(h) - 11*q(h). What is f(1)?
-4
Let z(b) = -4*b + 3. Let t(w) = w - 5*w - 3*w. Let x be t(-1). Let k be 2/(x + -1)*6. What is z(k)?
-5
Let z(x) be the first derivative of -2*x**2 - x - 32. What is z(-1)?
3
Let o(u) = 8*u**3 + 4*u**2 - 9*u + 8. Let x(z) be the first derivative of 17*z**4/4 + 3*z**3 - 19*z**2/2 + 17*z - 2. Let j(q) = 13*o(q) - 6*x(q). Give j(2).
4
Let i(s) = 0*s - 87*s**2 + 0*s + 88*s**2. Calculate i(-1).
1
Suppose 4*p = 29 - 13. Suppose 2 = p*d - 2*d. Let a(l) = 6*l**2 - 2*l + 1. Give a